{"id":1051,"date":"2021-10-16T18:26:00","date_gmt":"2021-10-16T16:26:00","guid":{"rendered":"https:\/\/www.stephanus-voices.de\/?page_id=1051"},"modified":"2022-03-21T20:50:48","modified_gmt":"2022-03-21T19:50:48","slug":"konzert-20211218","status":"publish","type":"page","link":"https:\/\/www.stephanus-voices.de\/index.php\/konzert-20211218\/","title":{"rendered":"Christmas Carols"},"content":{"rendered":"<div  class=\"tatsu-SyA_k9Lwu tatsu-section  tatsu-section-custom-height tatsu-bg-overlay   tatsu-clearfix\" data-title=\"\"  data-headerscheme=\"background--dark\"><div class = \"tatsu-custom-height-wrap\"><div class='tatsu-section-pad clearfix' data-padding='{\"d\":\"16% 0px 0% 0px\"}' data-padding-top='16%'><div class=\"tatsu-row-wrap  tatsu-wrap tatsu-row-one-col tatsu-row-has-one-cols tatsu-medium-gutter tatsu-reg-cols tatsu-hide-tablet tatsu-hide-laptop tatsu-hide-desktop  tatsu-clearfix tatsu-rJe74Q6pLK\" ><style>@media only screen and (max-width: 767px) {.tatsu-rJe74Q6pLK.tatsu-row-wrap > .tatsu-row{padding: 20px 0px 0px 0px;}}<\/style><div  class=\"tatsu-row \" ><div  class=\"tatsu-column  tatsu-bg-overlay tatsu-column-empty tatsu-one-col tatsu-column-image-none tatsu-column-effect-none  tatsu-SJmEQpTLt\"  data-parallax-speed=\"0\" style=\"\"><div class=\"tatsu-column-inner \" ><div class=\"tatsu-column-pad-wrap\"><div class=\"tatsu-column-pad\" ><\/div><\/div><div class = \"tatsu-column-bg-image-wrap\"><div class = \"tatsu-column-bg-image\" ><\/div><\/div><div class=\"tatsu-overlay tatsu-column-overlay tatsu-animate-none\" ><\/div><\/div><style>.tatsu-row > .tatsu-SJmEQpTLt.tatsu-column{width: 100%;}.tatsu-SJmEQpTLt.tatsu-column > .tatsu-column-inner > .tatsu-column-overlay{mix-blend-mode: normal;}.tatsu-SJmEQpTLt > .tatsu-column-inner > .tatsu-top-divider{z-index: 9999;}.tatsu-SJmEQpTLt > .tatsu-column-inner > .tatsu-bottom-divider{z-index: 9999;}.tatsu-SJmEQpTLt > .tatsu-column-inner > .tatsu-left-divider{z-index: 9999;}.tatsu-SJmEQpTLt > .tatsu-column-inner > .tatsu-right-divider{z-index: 9999;}@media only screen and (max-width:1377px) {.tatsu-row > .tatsu-SJmEQpTLt.tatsu-column{width: 100%;}}@media only screen and (min-width:768px) and (max-width: 1024px) {.tatsu-row > .tatsu-SJmEQpTLt.tatsu-column{width: 100%;}}@media only screen and (max-width: 767px) {.tatsu-row > .tatsu-SJmEQpTLt.tatsu-column{width: 100%;}}<\/style><\/div><\/div><\/div><div class=\"tatsu-row-wrap  tatsu-row-full-width tatsu-row-one-col tatsu-row-has-one-cols tatsu-medium-gutter tatsu-reg-cols  tatsu-clearfix tatsu-Hy5cGNV9u\" ><style>.tatsu-Hy5cGNV9u.tatsu-row-wrap > .tatsu-row{padding: 2% 4% 2% 4%;background-color: rgba(255,255,255,0.6);}<\/style><div  class=\"tatsu-row \" ><div  class=\"tatsu-column  tatsu-bg-overlay tatsu-one-col tatsu-column-image-none tatsu-column-effect-none max1150 tatsu-Bke5cME4qO\"  data-parallax-speed=\"0\" style=\"\"><div class=\"tatsu-column-inner \" ><div class=\"tatsu-column-pad-wrap\"><div class=\"tatsu-column-pad\" ><div class=\"tatsu-row-wrap  tatsu-row-one-col tatsu-row-has-one-cols tatsu-no-gutter tatsu-reg-cols tatsu-inner-row-wrap  tatsu-clearfix tatsu-rJW99GV49d\" ><div  class=\"tatsu-row \" ><div  class=\"tatsu-column  tatsu-bg-overlay tatsu-one-col tatsu-column-image- tatsu-column-effect-  tatsu-HyzcqfE49_\"  data-parallax-speed=\"0\" style=\"\"><div class=\"tatsu-column-inner \" ><div class=\"tatsu-column-pad-wrap\"><div class=\"tatsu-column-pad\" ><div  class=\"tatsu-module tatsu-text-block-wrap tatsu-r1a364E5u  \"><div class=\"tatsu-text-inner tatsu-align-center  clearfix\" ><style>.tatsu-r1a364E5u.tatsu-text-block-wrap .tatsu-text-inner{width: 100%;text-align: left;}.tatsu-r1a364E5u.tatsu-text-block-wrap{margin: 0px 0px 15px 0px;}<\/style>\n<h1 style=\"text-align: center;\">CHRISTMAS CAROLS<\/h1>\n<\/div><\/div><div  class=\"tatsu-module tatsu-text-block-wrap tatsu-B1WnnaBDY  \"><div class=\"tatsu-text-inner tatsu-align-center  clearfix\" ><style>.tatsu-B1WnnaBDY.tatsu-text-block-wrap .tatsu-text-inner{width: 100%;text-align: left;}<\/style>\n<h4 style=\"text-align: center;\">Leitung: Michael Armann<\/h4>\n<\/div><\/div><div  class=\"tatsu-module tatsu-text-block-wrap tatsu-SyWR64N9O  \"><div class=\"tatsu-text-inner tatsu-align-center  clearfix\" ><style>.tatsu-SyWR64N9O.tatsu-text-block-wrap .tatsu-text-inner{width: 100%;text-align: left;}<\/style>\n<h4 style=\"text-align: center;\">Gospelkonzert zur Weihnachtszeit am 18. Dezember 2021 um 18 Uhr<\/h4>\n<\/div><\/div><\/div><\/div><div class = \"tatsu-column-bg-image-wrap\"><div class = \"tatsu-column-bg-image\" ><\/div><\/div><div class=\"tatsu-overlay tatsu-column-overlay tatsu-animate-none\" ><\/div><\/div><style>.tatsu-row > .tatsu-HyzcqfE49_.tatsu-column{width: 100%;}.tatsu-HyzcqfE49_.tatsu-column{margin: 0px 0px 0px 0px !important;}.tatsu-HyzcqfE49_.tatsu-column > .tatsu-column-inner > .tatsu-column-overlay{mix-blend-mode: normal;}.tatsu-HyzcqfE49_ > .tatsu-column-inner > .tatsu-top-divider{z-index: 9999;}.tatsu-HyzcqfE49_ > .tatsu-column-inner > .tatsu-bottom-divider{z-index: 9999;}.tatsu-HyzcqfE49_ > .tatsu-column-inner > .tatsu-left-divider{z-index: 9999;}.tatsu-HyzcqfE49_ > .tatsu-column-inner > .tatsu-right-divider{z-index: 9999;}@media only screen and (max-width:1377px) {.tatsu-row > .tatsu-HyzcqfE49_.tatsu-column{width: 100%;}}@media only screen and (min-width:768px) and (max-width: 1024px) {.tatsu-row > .tatsu-HyzcqfE49_.tatsu-column{width: 100%;}}@media only screen and (max-width: 767px) {.tatsu-row > .tatsu-HyzcqfE49_.tatsu-column{width: 100%;}}<\/style><\/div><\/div><\/div><div  class=\"tatsu-module tatsu-inline-text clearfix tatsu-SkT8Y_dHF   \" ><style>.tatsu-SkT8Y_dHF .tatsu-inline-text-inner{width: 100%;text-align: left;}.tatsu-SkT8Y_dHF.tatsu-inline-text{margin: 0px 0px 15px 0px;}@media only screen and (max-width: 767px) {.tatsu-SkT8Y_dHF .tatsu-inline-text-inner{width: 100%;}}<\/style><div class=\"tatsu-inline-text-inner tatsu-align-center\">\n<h6 style=\"text-align: center;\">Stephanuskirche, Nibelungenstra\u00dfe 51 | Eintritt: 16 \u20ac, erm\u00e4\u00dfigt 12 \u20ac | Kinder von 6 bis 12 Jahren 2 \u20ac | Einlass ab 17:30 Uhr, Abendkasse ab 17:00 Uhr<\/h6>\n<\/div><\/div><div  class=\"tatsu-module tatsu-text-block-wrap tatsu-ByI6FarPK  \"><div class=\"tatsu-text-inner tatsu-align-center  clearfix\" ><style>.tatsu-ByI6FarPK.tatsu-text-block-wrap .tatsu-text-inner{width: 100%;text-align: left;}<\/style>\n<p style=\"text-align: center;\">Erm\u00e4\u00dfigte Karten f\u00fcr 12 \u20ac erhalten Arbeitslose, Rentner, Sch\u00fcler, Behinderte (Begleiter mit Ausweis \u201eB\u201c Freikarte), \u201eScho\u00dfkinder\u201c: frei.<\/p>\n<\/div><\/div><\/div><\/div><div class = \"tatsu-column-bg-image-wrap\"><div class = \"tatsu-column-bg-image\" ><\/div><\/div><div class=\"tatsu-overlay tatsu-column-overlay tatsu-animate-none\" ><\/div><\/div><style>.tatsu-row > .tatsu-Bke5cME4qO.tatsu-column{width: 100%;}.tatsu-Bke5cME4qO.tatsu-column > .tatsu-column-inner > .tatsu-column-overlay{mix-blend-mode: normal;}.tatsu-Bke5cME4qO > .tatsu-column-inner > .tatsu-top-divider{z-index: 9999;}.tatsu-Bke5cME4qO > .tatsu-column-inner > .tatsu-bottom-divider{z-index: 9999;}.tatsu-Bke5cME4qO > .tatsu-column-inner > .tatsu-left-divider{z-index: 9999;}.tatsu-Bke5cME4qO > .tatsu-column-inner > .tatsu-right-divider{z-index: 9999;}@media only screen and (max-width:1377px) {.tatsu-row > .tatsu-Bke5cME4qO.tatsu-column{width: 100%;}}@media only screen and (min-width:768px) and (max-width: 1024px) {.tatsu-row > .tatsu-Bke5cME4qO.tatsu-column{width: 100%;}}@media only screen and (max-width: 767px) {.tatsu-row > .tatsu-Bke5cME4qO.tatsu-column{width: 100%;}}<\/style><\/div><\/div><\/div><div class=\"tatsu-row-wrap  tatsu-row-full-width tatsu-row-one-col tatsu-row-has-one-cols tatsu-medium-gutter tatsu-reg-cols  tatsu-clearfix tatsu-BygiJdkhj_\" ><style>.tatsu-BygiJdkhj_.tatsu-row-wrap > .tatsu-row{background-color: rgba(255,255,255,0.6);}<\/style><div  class=\"tatsu-row \" ><div  class=\"tatsu-column  tatsu-bg-overlay tatsu-one-col tatsu-column-image-none tatsu-column-effect-none  tatsu-H1iyuk2jO\"  data-parallax-speed=\"0\" style=\"\"><div class=\"tatsu-column-inner \" ><div class=\"tatsu-column-pad-wrap\"><div class=\"tatsu-column-pad\" ><div  class=\"tatsu-module tatsu-text-block-wrap tatsu-SkEZB__BK  \"><div class=\"tatsu-text-inner tatsu-align-center  clearfix\" ><style>.tatsu-SkEZB__BK.tatsu-text-block-wrap .tatsu-text-inner{width: 90%;text-align: left;}<\/style>\n<h6>Corona-Regelungen<\/h6>\n<p style=\"text-align: left;\">Wir freuen uns sehr, dass nach langer Zeit wieder ein Gospelkonzert in der Stephanuskirche stattfinden wird. Dieses Konzert findet unter den aktuell g\u00fcltigen Corona-Hygienebedingungen statt, <a href=\"https:\/\/www.corona-katastrophenschutz.bayern.de\/faq\/index.php\" target=\"_blank\" rel=\"noopener\">siehe Corona-FAQ f\u00fcr Bayern<\/a> und aktuelle <a href=\"https:\/\/www.muenchen.de\/rathaus\/Stadtverwaltung\/Referat-fuer-Gesundheit-und-Umwelt\/Infektionsschutz\/Neuartiges_Coronavirus.html\" target=\"_blank\" rel=\"noopener\">Informationen der Stadt M\u00fcnchen<\/a>. Es gelten zur Zeit die Bedingungen der 15. Bayerischen Infektionsschutzverordnung. F\u00fcr Kulturveranstaltungen sind das die &#8220;2G+&#8221;-Bedingungen, zu denen Geimpfte und Genesene mit einem aktuellen Schnell- oder PCR-Test Einlass haben. Hierbei sind die entsprechenden Nachweise (Impfung bzw. Genesenen-Status, Testnachweis und Personalausweis) mitzubringen. Eine sogenannte Booster-Impfung gilt als Test, sofern diese Booster-Impfung 15 Tage vor dem Konzerttag, also am 03.12.2021 oder davor, war. Im gesamten Kirchenraum gilt eine FFP2-Maskenpflicht, auch am Sitzplatz.<\/p>\n<h6 style=\"text-align: left;\">Tickets<\/h6>\n<p>Durch die Einschr\u00e4nkung auf 25 % der Sitzplatzkapazit\u00e4t ist das Konzert ausverkauft.<br \/>\n<del>Tickets gibt es beim B\u00fcrobedarf Scheibner, Nymphenburger Stra\u00dfe 190 in M\u00fcnchen sowie zu den <a style=\"font-size: 13px;\" href=\"https:\/\/www.stephanuskirche.de\/index.php\/gemeinde\/pfarramt\" target=\"_blank\" rel=\"noopener\">\u00d6ffnungszeiten<\/a> im Pfarramt der Stephanuskirche, Nibelungenstra\u00dfe 51.<br \/>\n<\/del><del>Daneben k\u00f6nnen \u00fcber die E-Mail-Adresse tickets-sv@stephanus-voices.de oder das untenstehende Formular bei uns Tickets bestellt werden, die dann auf dem Postweg zu Euch gelangen. F\u00fcr Versand und Bearbeitung berechnen wir zus\u00e4tzlich 1,50 \u20ac. Die Bestellung ist auf diesem Weg nur bis zum 13. Dezember m\u00f6glich.<\/del><\/p>\n<h6>YouTube-Stream<\/h6>\n<p>Aufgrund der beschr\u00e4nkten Sitzplatz-Kapazit\u00e4t in der Stephanuskirche, bieten wir den Zuhausegebliebenen einen kostenlosen YouTube-Stream an. Wer m\u00f6chte, kann unsere Arbeit gerne mit einer <a href=\"https:\/\/www.stephanuskirche.de\/index.php\/spenden\" target=\"_blank\" rel=\"noopener\">Spende \u00fcber die Internetseite der Stephanuskirche<\/a> unterst\u00fctzen.<\/p>\n<\/div><\/div><div  class=\"tatsu-module tatsu-video tatsu-youtube-wrap tatsu-SJ_Xbe4cY   \" ><style>.tatsu-SJ_Xbe4cY{margin: 0px 200px 0px 200px;}<\/style><div class=\"gdpr-alt-image  be-gdpr-consent-message\"><img decoding=\"async\" style=\"opacity:1;\" src=\"https:\/\/img.youtube.com\/vi\/oAbTa1G7dYo\/maxresdefault.jpg\"\/><div class=\"gdpr-video-alternate-image-content\" >Your consent is required to display this content from  youtube - <a href=\"#gdpr-popup\" class=\"mfp-popup white-popup privacy-settings\" data-type=\"HTML\" >Privacy Settings<\/a><\/div><\/div><\/div><div class=\"tatsu-row-wrap  tatsu-row-has-one-half tatsu-row-has-three-cols tatsu-medium-gutter tatsu-reg-cols tatsu-inner-row-wrap  tatsu-clearfix tatsu-rkxmOKNjLt\" ><div  class=\"tatsu-row \" ><div  class=\"tatsu-column  tatsu-bg-overlay tatsu-column-empty tatsu-one-half tatsu-hide-mobile tatsu-hide-tablet tatsu-column-image- tatsu-column-effect-  tatsu-ryxCYdppUK\"  data-parallax-speed=\"0\" style=\"\"><div class=\"tatsu-column-inner \" ><div class=\"tatsu-column-pad-wrap\"><div class=\"tatsu-column-pad\" ><\/div><\/div><div class = \"tatsu-column-bg-image-wrap\"><div class = \"tatsu-column-bg-image\" ><\/div><\/div><div class=\"tatsu-overlay tatsu-column-overlay tatsu-animate-none\" ><\/div><\/div><style>.tatsu-row > .tatsu-ryxCYdppUK.tatsu-column{width: 20%;}.tatsu-ryxCYdppUK.tatsu-column > .tatsu-column-inner > .tatsu-column-overlay{mix-blend-mode: normal;}.tatsu-ryxCYdppUK > .tatsu-column-inner > .tatsu-top-divider{z-index: 9999;}.tatsu-ryxCYdppUK > .tatsu-column-inner > .tatsu-bottom-divider{z-index: 9999;}.tatsu-ryxCYdppUK > .tatsu-column-inner > .tatsu-left-divider{z-index: 9999;}.tatsu-ryxCYdppUK > .tatsu-column-inner > .tatsu-right-divider{z-index: 9999;}@media only screen and (max-width:1377px) {.tatsu-row > .tatsu-ryxCYdppUK.tatsu-column{width: 50%;}}@media only screen and (min-width:768px) and (max-width: 1024px) {.tatsu-row > .tatsu-ryxCYdppUK.tatsu-column{width: 50%;}}@media only screen and (max-width: 767px) {.tatsu-row > .tatsu-ryxCYdppUK.tatsu-column{width: 100%;}}<\/style><\/div><div  class=\"tatsu-column  tatsu-bg-overlay tatsu-column-empty tatsu-one-fourth tatsu-column-align-middle tatsu-column-image- tatsu-column-effect-  tatsu-B1QdFEsUt\"  data-parallax-speed=\"0\" style=\"\"><div class=\"tatsu-column-inner \" ><div class=\"tatsu-column-pad-wrap\"><div class=\"tatsu-column-pad\" ><\/div><\/div><div class = \"tatsu-column-bg-image-wrap\"><div class = \"tatsu-column-bg-image\" ><\/div><\/div><div class=\"tatsu-overlay tatsu-column-overlay tatsu-animate-none\" ><\/div><\/div><style>.tatsu-row > .tatsu-B1QdFEsUt.tatsu-column{width: 60%;}.tatsu-B1QdFEsUt.tatsu-column{margin: 0px 0px 0px 0px !important;}.tatsu-B1QdFEsUt.tatsu-column > .tatsu-column-inner > .tatsu-column-overlay{mix-blend-mode: normal;}.tatsu-B1QdFEsUt > .tatsu-column-inner > .tatsu-top-divider{z-index: 9999;}.tatsu-B1QdFEsUt > .tatsu-column-inner > .tatsu-bottom-divider{z-index: 9999;}.tatsu-B1QdFEsUt > .tatsu-column-inner > .tatsu-left-divider{z-index: 9999;}.tatsu-B1QdFEsUt > .tatsu-column-inner > .tatsu-right-divider{z-index: 9999;}@media only screen and (max-width:1377px) {.tatsu-row > .tatsu-B1QdFEsUt.tatsu-column{width: 25%;}}@media only screen and (min-width:768px) and (max-width: 1024px) {.tatsu-row > .tatsu-B1QdFEsUt.tatsu-column{width: 25%;}}@media only screen and (max-width: 767px) {.tatsu-row > .tatsu-B1QdFEsUt.tatsu-column{width: 100%;}}<\/style><\/div><div  class=\"tatsu-column  tatsu-bg-overlay tatsu-column-empty tatsu-one-fourth tatsu-column-image- tatsu-column-effect-  tatsu-SkZRFu6a8t\"  data-parallax-speed=\"0\" style=\"\"><div class=\"tatsu-column-inner \" ><div class=\"tatsu-column-pad-wrap\"><div class=\"tatsu-column-pad\" ><\/div><\/div><div class = \"tatsu-column-bg-image-wrap\"><div class = \"tatsu-column-bg-image\" ><\/div><\/div><div class=\"tatsu-overlay tatsu-column-overlay tatsu-animate-none\" ><\/div><\/div><style>.tatsu-row > .tatsu-SkZRFu6a8t.tatsu-column{width: 20%;}.tatsu-SkZRFu6a8t.tatsu-column > .tatsu-column-inner > .tatsu-column-overlay{mix-blend-mode: normal;}.tatsu-SkZRFu6a8t > .tatsu-column-inner > .tatsu-top-divider{z-index: 9999;}.tatsu-SkZRFu6a8t > .tatsu-column-inner > .tatsu-bottom-divider{z-index: 9999;}.tatsu-SkZRFu6a8t > .tatsu-column-inner > .tatsu-left-divider{z-index: 9999;}.tatsu-SkZRFu6a8t > .tatsu-column-inner > .tatsu-right-divider{z-index: 9999;}@media only screen and (max-width:1377px) {.tatsu-row > .tatsu-SkZRFu6a8t.tatsu-column{width: 25%;}}@media only screen and (min-width:768px) and (max-width: 1024px) {.tatsu-row > .tatsu-SkZRFu6a8t.tatsu-column{width: 25%;}}@media only screen and (max-width: 767px) {.tatsu-row > .tatsu-SkZRFu6a8t.tatsu-column{width: 100%;}}<\/style><\/div><\/div><\/div><\/div><\/div><div class = \"tatsu-column-bg-image-wrap\"><div class = \"tatsu-column-bg-image\" ><\/div><\/div><div class=\"tatsu-overlay tatsu-column-overlay tatsu-animate-none\" ><\/div><\/div><style>.tatsu-row > .tatsu-H1iyuk2jO.tatsu-column{width: 100%;}.tatsu-H1iyuk2jO.tatsu-column > .tatsu-column-inner > .tatsu-column-overlay{mix-blend-mode: normal;}.tatsu-H1iyuk2jO > .tatsu-column-inner > .tatsu-top-divider{z-index: 9999;}.tatsu-H1iyuk2jO > .tatsu-column-inner > .tatsu-bottom-divider{z-index: 9999;}.tatsu-H1iyuk2jO > .tatsu-column-inner > .tatsu-left-divider{z-index: 9999;}.tatsu-H1iyuk2jO > .tatsu-column-inner > .tatsu-right-divider{z-index: 9999;}@media only screen and (max-width:1377px) {.tatsu-row > .tatsu-H1iyuk2jO.tatsu-column{width: 100%;}}@media only screen and (min-width:768px) and (max-width: 1024px) {.tatsu-row > .tatsu-H1iyuk2jO.tatsu-column{width: 100%;}}@media only screen and (max-width: 767px) {.tatsu-row > .tatsu-H1iyuk2jO.tatsu-column{width: 100%;}}<\/style><\/div><\/div><\/div><\/div><div class=\"tatsu-section-background-wrap\"><div class = \"tatsu-section-background\" ><\/div><\/div><div class=\"tatsu-overlay tatsu-section-overlay\"><\/div><\/div><style>.tatsu-SyA_k9Lwu .tatsu-section-background{background-image: url(https:\/\/www.stephanus-voices.de\/wp-content\/uploads\/Stepahnus-voices-Plakat-B.jpg);background-repeat: no-repeat;background-attachment: fixed;background-position: top center;background-size: cover;}.tatsu-SyA_k9Lwu .tatsu-bg-blur{background-repeat: no-repeat;background-attachment: fixed;background-position: top center;background-size: cover;}.tatsu-SyA_k9Lwu .tatsu-section-pad{padding: 16% 0px 0% 0px;}.tatsu-SyA_k9Lwu .tatsu-section-offset-wrap{transform: translateY(-0px);}.tatsu-SyA_k9Lwu > .tatsu-bottom-divider{z-index: 9999;}.tatsu-SyA_k9Lwu > .tatsu-top-divider{z-index: 9999;}.tatsu-SyA_k9Lwu .tatsu-section-overlay{mix-blend-mode: normal;}.tatsu-SyA_k9Lwu .tatsu-custom-height-wrap{align-items: flex-end;min-height: 100vh;}@media only screen and (max-width: 767px) {.tatsu-SyA_k9Lwu .tatsu-section-background{background-attachment: fixed;}.tatsu-SyA_k9Lwu .tatsu-bg-blur{background-attachment: fixed;}}<\/style><\/div>\n","protected":false},"excerpt":{"rendered":"<p><a href=\"https:\/\/www.stephanus-voices.de\/index.php\/konzert-20211218\/\" class=\"more-link style1-button\">Weiterlesen<\/a><\/p>","protected":false},"author":4,"featured_media":0,"parent":0,"menu_order":0,"comment_status":"closed","ping_status":"closed","template":"","meta":{"footnotes":""},"class_list":["post-1051","page","type-page","status-publish","hentry"],"yoast_head":"<!-- This site is optimized with the Yoast SEO plugin v27.4 - https:\/\/yoast.com\/product\/yoast-seo-wordpress\/ -->\n<title>Christmas Carols - Gospelchor Stephanus Voices<\/title>\n<meta name=\"robots\" content=\"index, follow, max-snippet:-1, max-image-preview:large, max-video-preview:-1\" \/>\n<link rel=\"canonical\" href=\"https:\/\/www.stephanus-voices.de\/index.php\/konzert-20211218\/\" \/>\n<meta property=\"og:locale\" content=\"de_DE\" \/>\n<meta property=\"og:type\" content=\"article\" \/>\n<meta property=\"og:title\" content=\"Christmas Carols - Gospelchor Stephanus Voices\" \/>\n<meta property=\"og:url\" content=\"https:\/\/www.stephanus-voices.de\/index.php\/konzert-20211218\/\" \/>\n<meta property=\"og:site_name\" content=\"Gospelchor Stephanus Voices\" \/>\n<meta property=\"article:publisher\" content=\"https:\/\/www.facebook.com\/StephanusVoices\/\" \/>\n<meta property=\"article:modified_time\" content=\"2022-03-21T19:50:48+00:00\" \/>\n<meta name=\"twitter:card\" content=\"summary_large_image\" \/>\n<meta name=\"twitter:label1\" content=\"Gesch\u00e4tzte Lesezeit\" \/>\n\t<meta name=\"twitter:data1\" content=\"14\u00a0Minuten\" \/>\n<script type=\"application\/ld+json\" class=\"yoast-schema-graph\">{\"@context\":\"https:\\\/\\\/schema.org\",\"@graph\":[{\"@type\":\"WebPage\",\"@id\":\"https:\\\/\\\/www.stephanus-voices.de\\\/index.php\\\/konzert-20211218\\\/\",\"url\":\"https:\\\/\\\/www.stephanus-voices.de\\\/index.php\\\/konzert-20211218\\\/\",\"name\":\"Christmas Carols - Gospelchor Stephanus Voices\",\"isPartOf\":{\"@id\":\"https:\\\/\\\/www.stephanus-voices.de\\\/#website\"},\"datePublished\":\"2021-10-16T16:26:00+00:00\",\"dateModified\":\"2022-03-21T19:50:48+00:00\",\"breadcrumb\":{\"@id\":\"https:\\\/\\\/www.stephanus-voices.de\\\/index.php\\\/konzert-20211218\\\/#breadcrumb\"},\"inLanguage\":\"de\",\"potentialAction\":[{\"@type\":\"ReadAction\",\"target\":[\"https:\\\/\\\/www.stephanus-voices.de\\\/index.php\\\/konzert-20211218\\\/\"]}]},{\"@type\":\"BreadcrumbList\",\"@id\":\"https:\\\/\\\/www.stephanus-voices.de\\\/index.php\\\/konzert-20211218\\\/#breadcrumb\",\"itemListElement\":[{\"@type\":\"ListItem\",\"position\":1,\"name\":\"Start\",\"item\":\"https:\\\/\\\/www.stephanus-voices.de\\\/\"},{\"@type\":\"ListItem\",\"position\":2,\"name\":\"Christmas Carols\"}]},{\"@type\":\"WebSite\",\"@id\":\"https:\\\/\\\/www.stephanus-voices.de\\\/#website\",\"url\":\"https:\\\/\\\/www.stephanus-voices.de\\\/\",\"name\":\"Gospelchor Stephanus Voices\",\"description\":\"Mitrei\u00dfender Gospelgesang aus M\u00fcnchen mit mehr als 50 singenden und swingenden Stimmen. Gefragter Chor f\u00fcr Hochzeiten, Taufen und Events.\",\"potentialAction\":[{\"@type\":\"SearchAction\",\"target\":{\"@type\":\"EntryPoint\",\"urlTemplate\":\"https:\\\/\\\/www.stephanus-voices.de\\\/?s={search_term_string}\"},\"query-input\":{\"@type\":\"PropertyValueSpecification\",\"valueRequired\":true,\"valueName\":\"search_term_string\"}}],\"inLanguage\":\"de\"}]}<\/script>\n<!-- \/ Yoast SEO plugin. -->","yoast_head_json":{"title":"Christmas Carols - Gospelchor Stephanus Voices","robots":{"index":"index","follow":"follow","max-snippet":"max-snippet:-1","max-image-preview":"max-image-preview:large","max-video-preview":"max-video-preview:-1"},"canonical":"https:\/\/www.stephanus-voices.de\/index.php\/konzert-20211218\/","og_locale":"de_DE","og_type":"article","og_title":"Christmas Carols - Gospelchor Stephanus Voices","og_url":"https:\/\/www.stephanus-voices.de\/index.php\/konzert-20211218\/","og_site_name":"Gospelchor Stephanus Voices","article_publisher":"https:\/\/www.facebook.com\/StephanusVoices\/","article_modified_time":"2022-03-21T19:50:48+00:00","twitter_card":"summary_large_image","twitter_misc":{"Gesch\u00e4tzte Lesezeit":"14\u00a0Minuten"},"schema":{"@context":"https:\/\/schema.org","@graph":[{"@type":"WebPage","@id":"https:\/\/www.stephanus-voices.de\/index.php\/konzert-20211218\/","url":"https:\/\/www.stephanus-voices.de\/index.php\/konzert-20211218\/","name":"Christmas Carols - Gospelchor Stephanus Voices","isPartOf":{"@id":"https:\/\/www.stephanus-voices.de\/#website"},"datePublished":"2021-10-16T16:26:00+00:00","dateModified":"2022-03-21T19:50:48+00:00","breadcrumb":{"@id":"https:\/\/www.stephanus-voices.de\/index.php\/konzert-20211218\/#breadcrumb"},"inLanguage":"de","potentialAction":[{"@type":"ReadAction","target":["https:\/\/www.stephanus-voices.de\/index.php\/konzert-20211218\/"]}]},{"@type":"BreadcrumbList","@id":"https:\/\/www.stephanus-voices.de\/index.php\/konzert-20211218\/#breadcrumb","itemListElement":[{"@type":"ListItem","position":1,"name":"Start","item":"https:\/\/www.stephanus-voices.de\/"},{"@type":"ListItem","position":2,"name":"Christmas Carols"}]},{"@type":"WebSite","@id":"https:\/\/www.stephanus-voices.de\/#website","url":"https:\/\/www.stephanus-voices.de\/","name":"Gospelchor Stephanus Voices","description":"Mitrei\u00dfender Gospelgesang aus M\u00fcnchen mit mehr als 50 singenden und swingenden Stimmen. Gefragter Chor f\u00fcr Hochzeiten, Taufen und Events.","potentialAction":[{"@type":"SearchAction","target":{"@type":"EntryPoint","urlTemplate":"https:\/\/www.stephanus-voices.de\/?s={search_term_string}"},"query-input":{"@type":"PropertyValueSpecification","valueRequired":true,"valueName":"search_term_string"}}],"inLanguage":"de"}]}},"_links":{"self":[{"href":"https:\/\/www.stephanus-voices.de\/index.php\/wp-json\/wp\/v2\/pages\/1051","targetHints":{"allow":["GET"]}}],"collection":[{"href":"https:\/\/www.stephanus-voices.de\/index.php\/wp-json\/wp\/v2\/pages"}],"about":[{"href":"https:\/\/www.stephanus-voices.de\/index.php\/wp-json\/wp\/v2\/types\/page"}],"author":[{"embeddable":true,"href":"https:\/\/www.stephanus-voices.de\/index.php\/wp-json\/wp\/v2\/users\/4"}],"replies":[{"embeddable":true,"href":"https:\/\/www.stephanus-voices.de\/index.php\/wp-json\/wp\/v2\/comments?post=1051"}],"version-history":[{"count":65,"href":"https:\/\/www.stephanus-voices.de\/index.php\/wp-json\/wp\/v2\/pages\/1051\/revisions"}],"predecessor-version":[{"id":1236,"href":"https:\/\/www.stephanus-voices.de\/index.php\/wp-json\/wp\/v2\/pages\/1051\/revisions\/1236"}],"wp:attachment":[{"href":"https:\/\/www.stephanus-voices.de\/index.php\/wp-json\/wp\/v2\/media?parent=1051"}],"curies":[{"name":"wp","href":"https:\/\/api.w.org\/{rel}","templated":true}]}}